30627?
True
Is 83 a factor of 39573?
False
Does 22 divide 506?
True
Is 29250 a multiple of 130?
True
Is 31 a factor of 1781?
False
Is 1897 a multiple of 60?
False
Is 1435 a multiple of 13?
False
Is 2 a factor of 57?
False
Is 19 a factor of 18750?
False
Is 105202 a multiple of 23?
True
Is 4 a factor of 104?
True
Is 34 a factor of 340?
True
Is 5 a factor of 17980?
True
Does 12 divide 1204?
False
Is 81 a multiple of 3?
True
Is 46 a factor of 1702?
True
Is 34 a factor of 25568?
True
Does 60 divide 960?
True
Is 21 a factor of 35927?
False
Is 129 a factor of 13448?
False
Is 47 a factor of 423?
True
Is 12 a factor of 13152?
True
Does 12 divide 833?
False
Is 51 a factor of 426?
False
Does 17 divide 561?
True
Is 46 a factor of 1627?
False
Is 6948 a multiple of 16?
False
Is 469 a multiple of 9?
False
Does 66 divide 18348?
True
Is 145 a factor of 6815?
True
Does 6 divide 554?
False
Does 12 divide 106?
False
Is 766 a multiple of 32?
False
Is 624 a multiple of 17?
False
Is 1377 a multiple of 51?
True
Is 20515 a multiple of 84?
False
Is 6 a factor of 1242?
True
Is 16 a factor of 7659?
False
Does 13 divide 72202?
True
Is 31 a factor of 248?
True
Is 1125 a multiple of 9?
True
Is 609 a multiple of 27?
False
Is 14760 a multiple of 30?
True
Is 2950 a multiple of 4?
False
Is 9 a factor of 19551?
False
Does 227 divide 1135?
True
Is 16 a factor of 1488?
True
Is 23 a factor of 4784?
True
Does 38 divide 258?
False
Is 9 a factor of 36?
True
Is 2351 a multiple of 64?
False
Is 5482 a multiple of 134?
False
Does 85 divide 1083?
False
Is 13 a factor of 1892?
False
Is 45120 a multiple of 20?
True
Is 133 a factor of 16584?
False
Is 3888 a multiple of 48?
True
Is 1096 a multiple of 3?
False
Is 32832 a multiple of 57?
True
Does 12 divide 16416?
True
Is 6357 a multiple of 47?
False
Does 102 divide 29070?
True
Is 9307 a multiple of 10?
False
Is 22 a factor of 469?
False
Is 1661 a multiple of 7?
False
Is 71448 a multiple of 18?
False
Is 1497 even?
False
Is 197 a multiple of 3?
False
Is 633 a multiple of 19?
False
Is 24 a factor of 761?
False
Does 6 divide 2069?
False
Is 4 a factor of 941?
False
Is 20439 a multiple of 17?
False
Is 37 a factor of 186?
False
Does 17 divide 33296?
False
Is 1555 a multiple of 17?
False
Is 1512 a multiple of 36?
True
Does 18 divide 594?
True
Does 65 divide 130?
True
Does 52 divide 780?
True
Is 6432 a multiple of 12?
True
Does 73 divide 1606?
True
Does 27 divide 999?
True
Is 206 a factor of 12772?
True
Is 14 a factor of 51366?
True
Is 14 a factor of 96944?
False
Does 155 divide 11315?
True
Does 7 divide 6552?
True
Does 48 divide 1638?
False
Is 1247 a multiple of 60?
False
Does 13 divide 637?
True
Does 32 divide 697?
False
Is 771 a multiple of 70?
False
Does 19 divide 53675?
True
Is 27 a factor of 5005?
False
Does 9 divide 27459?
True
Does 8 divide 11805?
False
Is 16023 a multiple of 49?
True
Is 11 a factor of 68?
False
Is 2420 a multiple of 20?
True
Is 469 a multiple of 13?
False
Is 47 a factor of 1267?
False
Is 491 a multiple of 47?
False
Is 216 a factor of 12486?
False
Is 2533 a multiple of 65?
False
Is 49 a factor of 4559?
False
Is 16 a factor of 5008?
True
Is 6193 a multiple of 10?
False
Is 4 a factor of 388?
True
Does 47 divide 52206?
False
Is 800 a multiple of 25?
True
Is 22 a factor of 572?
True
Is 139 a multiple of 6?
False
Is 2907 a multiple of 110?
False
Does 79 divide 16409?
False
Is 10 a factor of 12710?
True
Is 322 a multiple of 23?
True
Does 213 divide 20370?
False
Is 21 a factor of 20076?
True
Is 61 a multiple of 23?
False
Is 83 a factor of 2490?
True
Is 16 a factor of 2528?
True
Is 78 a factor of 2340?
True
Does 4 divide 848?
True
Is 24 a factor of 1320?
True
Is 1616 a multiple of 15?
False
Is 53 a factor of 28048?
False
Is 17 a factor of 90924?
False
Does 9 divide 444?
False
Does 16 divide 1812?
False
Does 28 divide 5253?
False
Is 18889 a multiple of 31?
False
Is 3 a factor of 12122?
False
Does 11 divide 5807?
False
Is 183 a factor of 4392?
True
Does 7 divide 11375?
True
Does 26 divide 2679?
False
Is 10913 a multiple of 32?
False
Does 45 divide 9135?
True
Does 8 divide 1528?
True
Does 116 divide 2936?
False
Is 1313 a multiple of 31?
False
Is 7 a factor of 2177?
True
Is 5016 a multiple of 57?
True
Is 207 a factor of 4750?
False
Is 9 a factor of 3096?
True
Is 14 a factor of 952?
True
Is 567 a multiple of 3?
True
Is 65 a factor of 8450?
True
Is 80 a factor of 55721?
False
Is 14 a factor of 923?
False
Is 25080 a multiple of 76?
True
Is 10 a factor of 16850?
True
Is 126 a multiple of 9?
True
Does 12 divide 17292?
True
Is 684 a multiple of 44?
False
Is 22 a factor of 29167?
False
Does 20 divide 20780?
True
Is 66 a multiple of 11?
True
Is 1259 a multiple of 76?
False
Is 27 a factor of 567?
True
Is 72 a factor of 19818?
False
Is 33 a factor of 2706?
True
Is 24749 a multiple of 60?
False
Is 8150 a multiple of 41?
False
Does 11 divide 5500?
True
Is 7257 a multiple of 4?
False
Is 27 a factor of 28210?
False
Does 3 divide 3876?
True
Does 10 divide 690?
True
Is 2 a factor of 940?
True
Is 6 a factor of 180?
True
Is 2100 a multiple of 100?
True
Does 13 divide 2184?
True
Is 53 a factor of 4838?
False
Is 4331 a multiple of 27?
False
Is 61812 a multiple of 9?
True
Does 2 divide 85?
False
Is 1229 a multiple of 10?
False
Is 74 a factor of 1001?
False
Does 21 divide 1567?
False
Does 136 divide 20893?
False
Is 45 a factor of 2430?
True
Is 356 a multiple of 41?
False
Is 1290 a multiple of 2?
True
Is 90 a multiple of 6?
True
Does 7 divide 699?
False
Is 62 a factor of 1462?
False
Is 6 a factor of 3054?
True
Does 18 divide 42?
False
Is 26 a factor of 51?
False
Does 10 divide 55120?
True
Is 810 a multiple of 45?
True
Is 21 a factor of 259?
False
Is 96 a factor of 480?
True
Does 17 divide 28445?
False
Is 2184 a multiple of 104?
True
Is 52 a factor of 8892?
True
Is 7 a factor of 6712?
False
Is 9 a factor of 251?
False
Does 33 divide 43065?
True
Does 103 divide 326?
False
Is 4281 a multiple of 9?
False
Does 86 divide 6486?
False
Is 202 a multiple of 8?
False
Is 13 a factor of 20735?
True
Is 4 a factor of 195?
False
Does 17 divide 1420?
False
Is 12246 a multiple of 11?
False
Is 2056 a multiple of 8?
True
Is 1000 a multiple of 10?
True
Does 76 divide 1368?
True
Is 12 a factor of 684?
True
Does 8 divide 296?
True
Does 18 divide 677?
False
Is 15426 a multiple of 6?
True
Is 728 a multiple of 14?
True
Does 44 divide 17025?
False
Does 54 divide 5102?
False
Is 7 a factor of 78?
False
Is 59 a factor of 3758?
False
Does 6 divide 74?
False
Is 23 a factor of 20910?
False
Is 430 a multiple of 43?
True
Does 72 divide 8352?
True
Is 117 a factor of 6435?
True
Is 51 a factor of 447?
False
Is 471 a factor of 132432?
False
Is 29 a factor of 909?
False
Does 12 divide 760?
False
Does 74 divide 32338?
True
Does 66 divide 967?
False
Is 171 a factor of 23769?
True
Does 3 divide 24327?
True
Is 16 a factor of 17085?
False
Is 3 a factor of 19692?
True
Does 17 divide 6851?
True
Is 2457 a multiple of 69?
False
Does 83 divide 2739?
True
Is 2119 a multiple of 39?
False
Is 18367 a multiple of 13?
False
Is 1104 a multiple of 24?
True
Is 67176 a multiple of 36?
True
Is 7 a factor of 2149?
True
Does 8 divide 621?
False
Does 25 divide 2200?
True
Is 291 a multiple of 4?
False
Is 8 a factor of 12534?
False
Is 6025 a multiple of 201?
False
Is 18759 a multiple of 39?
True
Is 10 a factor of 14466?
False
Does 10 divide 99?
False
Does 11 divide 321?
False
Is 16 a factor of 22080?
True
Does 17 divide 116?
False
Is 51 a factor of 2407?
False
Does 4 divide 13?
False
Is 2 a factor of 31?
False
Is 58 a factor of 58?
True
Is 4275 a multiple of 57?
True
Is 50 a factor of 29319?
False
Is 21 a factor of 47796?
True
Is 2916 a multiple of 198?
False
Does 232 divide 6873?
False
Is 3536 a multiple of 34?
True
Is 1340 a multiple of 20?
True
Is 37 a factor of 61642?
True
Is 680 a multiple of 17?
True
Is 55 a factor of 16076?
False
Does 68 divide 2028?
False
Is 8584 a multiple of 29?
True
Is 3920 a multiple of 5?
True
Is 5 a factor of 1125?
True
Does 7 divide 8869?
True
Is 11610 a multiple of 30?
True
Is 641 even?
False
Is 21 a factor of 95107?
False
Does 31 divide 837?
True
Is 42 a factor of 9744?
True
Is 75 a multiple of 4?
False
Is 1164 a multiple of 17?
False
Does 13 divide 513?
False
Is 9 a factor of 2943?
True
D